z - 38. What is the units digit of b(-15)?
7
Let v(t) = 52*t - 6. Let p be v(3). Suppose r - p = -2*r. What is the tens digit of r?
5
Suppose c - 2*c = -3. Let p(a) = -2*a + 6. Let i(o) = o. Let s(z) = 8*i(z) + p(z). What is the tens digit of s(c)?
2
Suppose -15*w = -17*w. Suppose w = -2*c - 49 + 215. What is the tens digit of c?
8
Suppose 8 = -5*b + 4*x, -2*x - 6 = -5*x. Suppose b = 3*n + 12, -4*q + 214 - 46 = -5*n. What is the tens digit of q?
3
Suppose 0 = -3*o + 4*w + 3155, 6*w - 2095 = -2*o + 7*w. What is the thousands digit of o?
1
Let o = 7 - 9. Let p = o + 11. Suppose -8*j - 17 = -p*j. What is the units digit of j?
7
Let k be (-510)/(-22) + 4/(-22). Let l be k/((-3)/(-1*6)). Suppose r = -0*r + l. What is the tens digit of r?
4
Let c(v) = -2*v**2 + v + 274. What is the units digit of c(0)?
4
What is the tens digit of (-88)/22 - 1/(1/(-357))?
5
What is the hundreds digit of (-77)/(-28) - 3 - (-108369)/36?
0
Suppose 4*x = 912 - 116. Suppose -6*p = -x - 335. What is the units digit of p?
9
Let i(l) = 30*l**2 - 7*l + 7. What is the units digit of i(-3)?
8
Let g(i) = 19*i + 1. Let u = 8 - -1. Let c = 10 - u. What is the tens digit of g(c)?
2
Suppose 0 = 12*y - 15*y + 18. Let b(h) = 3*h. What is the tens digit of b(y)?
1
Let n(k) be the third derivative of -11*k**4/24 - 5*k**3/3 + 5*k**2. What is the units digit of n(-7)?
7
Let s = -1684 - -1713. What is the tens digit of s?
2
Let p = -21 + 28. Suppose 11*d - 12 = p*d. Suppose -7*t + 94 = 5*o - d*t, -o + 18 = t. What is the units digit of o?
2
Let s(i) = i**3 + 11*i**2 - 2*i - 13. Let k be s(-11). Suppose -o - k*o = -180. What is the tens digit of o?
1
Let f(q) be the second derivative of -q**5/20 - 7*q**4/6 - 17*q**3/6 + 2*q**2 + 47*q. Let c be (-13)/(-3)*(-12)/4. What is the tens digit of f(c)?
5
Suppose -v = v - b - 119, 2*v + b - 121 = 0. What is the tens digit of ((-9)/2)/((-5)/v)?
5
Suppose x + 71 = -5*d, -d + x - 23 = -x. Let r(h) = h**3 + 14*h**2 - 18*h + 9. What is the tens digit of r(d)?
5
Let d(f) = f**3 + 41*f**2 + 30*f + 42. What is the hundreds digit of d(-40)?
4
Let q(d) be the first derivative of -21*d**4/2 - d**3 + d**2 + 2*d + 7. Let m be q(2). What is the tens digit of ((-1)/(-1))/((-9)/m)?
3
Let f be ((-18)/15)/((-6)/(-15)). Let o be f/2*(-116)/3. Let h = 114 - o. What is the units digit of h?
6
Suppose -2*m = 4*n - 2100, 2*m + 4*n = 7*n + 2100. What is the units digit of m?
0
Suppose -3*z + 6*z = -5*j + 164, 3*j = -z + 100. Let w = -47 + j. Let n = w + 42. What is the units digit of n?
9
Suppose 3*g + 157 = -5*y, 3*y - g + 82 = -15. Let l be (3/2)/((-24)/y). Suppose -l*w = -6*w + 44. What is the tens digit of w?
1
What is the tens digit of -8 + ((-10)/1 - -1947)?
2
Let u(g) = 3*g - 1. Suppose 0 = 4*x + 13 + 15. Let o = 0 - x. What is the units digit of u(o)?
0
Suppose -8*x + 14049 = 81. What is the tens digit of x?
4
Let i(x) = 12*x**2 - 6*x. Let o be i(4). Suppose 0 = 10*f - 7*f - o. Suppose -n - 2*k = -f, -4*n - 2*k + 197 = -3*k. What is the tens digit of n?
5
Let b(k) be the first derivative of -11*k**2 - 15*k - 24. What is the units digit of b(-4)?
3
What is the tens digit of -2715*(-3)/(39/13)?
1
Let t(n) be the first derivative of -3*n**2 + 10*n + 1/3*n**3 - 1. What is the units digit of t(9)?
7
Suppose 2 - 7 = 4*j + 5*d, d + 22 = -5*j. Let g(p) = 3*p**2 - p - 11. Let f be g(j). Suppose 3*y = -4*n + 130, -99 = -5*n - y + f. What is the tens digit of n?
3
What is the tens digit of (18 + -17)/((-1)/(-2093))?
9
Let q = 439 + 83. What is the units digit of q?
2
Suppose -3*y = -y + 2*n - 230, -n + 472 = 4*y. Let j = 186 - y. What is the tens digit of j?
6
Let w(h) = -7*h + h**3 - 7*h**2 - 8*h**2 - 6*h + 2*h**2 - 4. Suppose 2*t = -4*k + 5*t + 41, 2*k + 4*t - 48 = 0. What is the units digit of w(k)?
0
Let r be ((-5)/(-2))/(5/10). What is the units digit of 29/r - (-3)/15?
6
Let z(d) = -d**2 - 8*d + 7. Let h be z(-9). Let t be ((-21)/h)/(33/88). Suppose -3*n = -62 - t. What is the tens digit of n?
3
Suppose 7*b - 9 = 5. Let h(u) = 51*u + 4. What is the hundreds digit of h(b)?
1
Let d = 119 + -84. Suppose -r + d + 34 = 0. What is the tens digit of r?
6
Let w(l) = -8*l + 55. Let h be w(3). Let d(o) = -o**2 - 7*o - 2. Let x be d(-5). Suppose -2*u + x*q = 4*q - 70, u - q - h = 0. What is the units digit of u?
7
Let a(i) = -i**3 + 5*i**2 + 4*i + 3. Suppose v - 5 + 0 = 0. Let b be a(v). Let c = b - 19. What is the units digit of c?
4
Let f(c) be the third derivative of -c**4/4 + 17*c**3/6 - 30*c**2. What is the tens digit of f(-10)?
7
Suppose 2*x - 6005 = 5*z, 0 = 3*x - 17*z + 20*z - 9018. What is the thousands digit of x?
3
Let j(b) be the third derivative of -13*b**4/24 - 7*b**3/6 + 15*b**2. What is the units digit of j(-6)?
1
Let c be 3 + -7 - (-5)/(-5). Let s be 43/4 + (-2)/(-8). Let x = s - c. What is the units digit of x?
6
Suppose 5*h + 3*j - 3056 = 0, 3*j = -2*h + 1284 - 58. What is the units digit of h?
0
Let k(j) = j**2 + 17*j - 16. Let m be k(-19). Suppose -2*o + 12 + m = 0. What is the tens digit of o?
1
Suppose 86*c = 74*c + 8508. What is the tens digit of c?
0
Let n = 53 - 47. Suppose -n*l = -l - 100. What is the units digit of l?
0
Suppose 26 + 27 = -j. Let b = 51 - j. What is the units digit of b?
4
Let w(x) = -53*x - 23. What is the hundreds digit of w(-4)?
1
Suppose 0 = -l + 19*l - 53622. What is the tens digit of l?
7
Suppose 5*t - 4*s + 4120 = 19271, 0 = -4*t - 3*s + 12096. What is the hundreds digit of t?
0
Let r(z) = -2*z**3 + 6*z**2 + 1. Let a(j) = -3*j**3 + 6*j**2 + 1. Let c(x) = 3*a(x) - 4*r(x). Let g be c(-6). What is the tens digit of ((-30)/(-4))/g*-2?
1
Suppose 0 = 5*w - h - 10932, -2*w + 2610 = -5*h - 1772. What is the thousands digit of w?
2
Suppose 3*j = -3*u + 57, -4*u - 2*j = -80 + 12. Suppose 0 = -5*i + u, 2*c + 0*i + 3*i + 67 = 0. Let m = -26 - c. What is the tens digit of m?
1
Let r(h) = 65*h + 88. What is the units digit of r(3)?
3
Let v(n) = n**3 - 4*n**2 + 4*n + 1. Let y = -2 + 5. Let c be v(y). Suppose 2*t - 28 = -h - 0*t, 5*t + 99 = c*h. What is the units digit of h?
6
Suppose 3*h - 10*b - 4076 = -8*b, 2*b - 2714 = -2*h. What is the units digit of h?
8
Suppose -u = -6*u - 265. Let j = 126 + u. What is the tens digit of j?
7
What is the units digit of (-18 - 4/(-2))/(39/(-117))?
8
Suppose 4*i - 5*i + 72 = 4*f, -75 = -i - f. What is the tens digit of i?
7
Let i(g) = 2*g**2 + 7*g - 12. What is the thousands digit of i(33)?
2
Let a = 261 + 184. What is the tens digit of a?
4
Let x = -106 + 108. Suppose -2*y - n + 5*n = -54, -3*y - x*n + 81 = 0. What is the tens digit of y?
2
What is the thousands digit of (1683/4)/((-18)/(-72))?
1
Let i be (-9)/(-21) + 18/7. Suppose i*x - 12 = -0, y - x = 19. Let b = y + -13. What is the units digit of b?
0
Let g(j) = -15*j + 127. What is the hundreds digit of g(-8)?
2
Let r = 3536 - 1077. What is the tens digit of r?
5
Suppose 0 = 5*a + 2*x, 5*a + 3*x - 5*x = 0. Let z(f) = -2*f**2 + 3*f + 106. What is the tens digit of z(a)?
0
Let i(w) = 2*w**3 - w**2 - 4*w + 5. Let d be i(5). Suppose -3*f + d = 5*s - 2*s, 5*s = -3*f + 214. Suppose -f = k - 5*k. What is the units digit of k?
7
Let d(j) = j**2 - 3*j - 2. Let v(l) = -3*l + 5. Let w be v(0). Suppose -4*y - 2*q = 22, 2*q = w*y - 2*q - 5. What is the tens digit of d(y)?
1
Suppose -5*x = 3*i - 3305, -3*i + 2690 - 49 = 4*x. Let m = x - 410. What is the tens digit of m?
5
Suppose 0*t + t = 0. Suppose y + 0*y - 68 = t. Suppose -2*c + 2*z + 14 + y = 0, -3*c - 4*z = -123. What is the units digit of c?
1
Suppose -5*f + 3*b + 1633 = 0, 3*b + 747 + 560 = 4*f. What is the hundreds digit of f?
3
Suppose f + 3 = 19. What is the units digit of ((-356)/(-16))/(4/f)?
9
Let g be (-14)/(-2)*(-1 + 2). Let l(p) = -p**2 + p - 3. Let r be l(g). What is the tens digit of (-2)/9 - 820/r?
1
Let q = 487 - -294. What is the units digit of q?
1
Suppose -2643 = -5*c + 4*y, -2*c + 403 = -2*y - 653. What is the hundreds digit of c?
5
Let i(g) = g**3 + 10*g**2 + 11*g + 9. Let m = -3 - 6. Let y be i(m). Let k = y + 16. What is the units digit of k?
7
Suppose 4*u + 3*o + 52 = -u, -4*u - 46 = -2*o. Let n be 0 + u*12/(-3). What is the tens digit of (n/5)/(12/30)?
2
Let k(a) = 2*a**3 - a**2 - 4*a + 2. What is the tens digit of k(7)?
1
Let a(z) = 384*z + 358. What is the units digit of a(6)?
2
